ded by (-2)/4*(-10 - -2).
2
Let t(g) = -2*g**3 + g**2 + 6*g - 18. Let r be t(4). Let j be (-15)/(-5)*-4*r/4. Let n = -159 + j. What is the remainder when n is divided by 41?
36
Let q(v) = -21*v + 75. Let h be q(13). Let i = h - -225. Suppose 4*g - 6*g = -5*b + 385, 4*b + 3*g = 331. What is the remainder when b is divided by i?
25
Suppose l = -4*l + 450. Let r = -16233 + 16252. Calculate the remainder when l is divided by r.
14
Suppose -2*a - 218 = -856. Suppose 751 = 4*i + a. Calculate the remainder when 316 is divided by i.
100
Let t = -10 - -7. Calculate the remainder when 3/(-75) - (-7097)/1175 is divided by (-1)/t*(5 - -1).
0
Suppose 0 = 3*c - 5 - 7. Let a(g) = 28*g + 831. Let x be a(-29). Suppose 3*w + 2*m = c*w + 1, -5*w + x = 2*m. Calculate the remainder when 12 is divided by w.
0
Suppose 20*n - 135742 = 84858. Calculate the remainder when n is divided by 197.
195
Calculate the remainder when 12/3 + 333 + 155/(-31) is divided by 85.
77
What is the remainder when 606 is divided by (-10)/(-20) + (3016/16 - -9)?
12
Let n = 1184 - 1174. What is the remainder when 2759 is divided by n?
9
Let j(w) = -w**3 - 15*w**2 + 34*w + 50. Let o be j(-13). Let z = 765 + o. What is the remainder when z is divided by 12?
11
Suppose 2*w - 2 = -2*m, -m - 3*w + 5 - 4 = 0. Let c(f) = 51*f**2 + f - 1. Let t = -15 + 28. Calculate the remainder when c(m) is divided by t.
12
Suppose -50 = -5*o + 4*o. Suppose -4*i + 2*i = 2*s + 42, -5*s - 65 = 3*i. Let u = 29 + i. What is the remainder when o is divided by u?
5
Let d be -1*(-55)/20*(1 + 3). Suppose d*g - 69 = 8*g. Calculate the remainder when g is divided by 12.
11
Let j(m) = 46*m + 857. What is the remainder when j(6) is divided by 30?
23
What is the remainder when 26418/210 - (-8)/(-10) is divided by 26/(3 - 1) - (-6 + 3)?
13
Suppose -v = -5*t - 1594 + 1888, 2*t = 4*v + 132. Calculate the remainder when 207 is divided by t.
33
Calculate the remainder when 350 is divided by 212/16*10*6/15.
32
Let u = 632 - 373. Let n = u + -221. What is the remainder when n is divided by 15?
8
Suppose 11*x - 1290 = 6*x. Suppose 0 = -7*l + 3177 - x. Calculate the remainder when l is divided by 15.
12
Suppose -z + 5*p + 47 = 0, 5*z - 7*z + 64 = 5*p. Suppose 9*v - 280 + z = 0. What is the remainder when 75 is divided by v?
21
Let g(z) = -z**3 + 3*z**2 + 51*z + 54. What is the remainder when 786 is divided by g(9)?
3
Let j(h) = -8 - 6*h + 11*h + 1 - 6*h. Let x(i) = -i**2 + 4. Let t be x(-5). What is the remainder when 68 is divided by j(t)?
12
Let z(a) = -5*a**3 + 3 - 4 - 14*a**2 - 13*a - 5 + 6*a**3. Let d(r) = 45*r**2. What is the remainder when d(1) is divided by z(15)?
21
Let u(h) = -h**3 - 13*h**2 - 15*h + 11. Let j be u(-15). Suppose j*v - 667*v = 2831. Let w(k) = k**2 - k + 5. What is the remainder when v is divided by w(-4)?
24
Suppose 5 = 4*s - 15. Suppose -28*x = -z - 24*x + 97, s*z - 3*x - 570 = 0. Calculate the remainder when z is divided by 24.
21
Suppose 124*q - 1701 = 737 + 1158. Calculate the remainder when 2348 is divided by q.
28
Calculate the remainder when (150/(-60))/(2*2/(-568)) is divided by 205.
150
Let j(b) = 8*b**2 - 3*b + 14. Let q be j(-6). Suppose 7*s + 1332 = -q. Calculate the remainder when s*((-5)/6 + 2/6) is divided by 24.
22
Let b be ((-24)/28)/((-6)/28). Suppose -n - 2*s = 19, -b*s + 24 = 4*n + 80. Calculate the remainder when 22 is divided by (n - 2 - -2)/(-1).
4
Let a(j) = -j**2 + 23*j + 95. What is the remainder when 209 is divided by a(23)?
19
Let o(w) = -8*w**3 - 4*w**2 - 3*w - 1. Let q = 24 - 26. Let c be o(q). Suppose -5*l + c = -12. What is the remainder when 49 is divided by l?
10
What is the remainder when 1065 is divided by (-4)/14 + 26/(-7) - (-377 - -19)?
3
Let r = -9102 + 9420. Calculate the remainder when r is divided by 45.
3
Let r = 2922 + -2730. What is the remainder when 771 is divided by r?
3
What is the remainder when (-9399)/(-325) + 246/(-50) + 5 is divided by (-64)/12*15/(-4)?
9
Let w(t) = t**3 - t**2 - 2*t + 4. Let u be w(4). Suppose 46*h - 134 = u*h. Calculate the remainder when 125 is divided by h.
58
Let q(s) = 37*s**3 + s**2 + s. Let k(f) = 400*f - 2822. What is the remainder when k(9) is divided by q(1)?
37
Suppose -12*o + 5*o = -14. Let h(u) = u**3 - 5*u**2 - 4*u - 7. What is the remainder when (-786)/(-33) - (-2)/22*o is divided by h(6)?
4
Suppose -5*u + 1332 = -2*m, -u + 73 + 215 = -4*m. What is the remainder when u is divided by 74?
42
Let b(a) = -2*a - 2. Let u be b(4). Let r(x) = x**3 + 4*x**2 + x. Let o be r(-4). Calculate the remainder when 36 is divided by 2 + o/2 - u.
6
Suppose -113*d + 76904 + 116468 = -65737. What is the remainder when d is divided by 92?
85
Let q(c) = 17*c**2 + 2*c - 6. Suppose 2706 - 2644 = b. What is the remainder when q(6) is divided by b?
60
Suppose 10*m + 608 + 652 = 100*m. Calculate the remainder when 107 is divided by m.
9
Let w(p) = -5*p + 4. Suppose 9 = -g + 5 + 20. Calculate the remainder when w(-5) is divided by g.
13
Suppose -5*m = 4*k - 112, -5*k = 23 - 13. Calculate the remainder when 501 is divided by (28 - 1)*(368/m)/23.
15
Suppose 0 = 3*z - i - 1466, 4*z - 5*i - 1212 = 761. What is the remainder when z is divided by 239?
9
Suppose -16*w + 14*w - 88 = -4*k, -2*k - 4*w = -24. Suppose -2*q + k = -l, -2*l = -1 - 7. Calculate the remainder when 22*2 + (2 - 1) is divided by q.
9
Suppose -5*g + l + l = -213, 39 = g - l. Calculate the remainder when 628 is divided by g.
43
Suppose -4*z + 13 + 7 = 0. Let k = -141 - -90. Let n = k + 60. Calculate the remainder when n is divided by z.
4
Let w be (-3 - 12/(-4))*1. Suppose -12*u - 10*u + 374 = w. Calculate the remainder when -20*(-12)/8 + 2 is divided by u.
15
What is the remainder when 88 is divided by (-441)/(-98)*30/9?
13
Let y = 85 - 80. Let w(n) = 7*n + 8. What is the remainder when w(y) is divided by 15?
13
Suppose -2*m + 74 = -5*h, -16*m - 5*h = -11*m - 185. Calculate the remainder when 4118 is divided by m.
11
Let y(p) = 23*p. Calculate the remainder when (-6)/(-48)*8 + 43 is divided by y(1).
21
Let y = -555 - -260. Let m = -269 - y. Calculate the remainder when m is divided by 9.
8
Suppose -14463 = -5*y + x - 4347, y = -x + 2034. What is the remainder when y is divided by 656?
57
Let y be (202 - 28/(-4)) + 7. Calculate the remainder when 167 is divided by ((-504)/y)/(2/(-36)).
41
Let l(o) = 102*o**2 - 361*o + 718. What is the remainder when l(2) is divided by 102?
98
Calculate the remainder when ((-2464770)/(-1540))/((-1)/(-6)) is divided by 13.
9
Let r(n) = -77*n + 58. Let y be r(-16). Calculate the remainder when ((-12)/10)/((-18)/y) is divided by 29.
28
Let c(d) = -4*d**3 + 4*d**2 - 35*d - 29. Calculate the remainder when c(-5) is divided by 28.
18
Suppose 39 + 6 = -p. Let d = -43 - p. Suppose -3*q - 5*o + 200 = 0, -d*q + 3*q + o - 70 = 0. Calculate the remainder when q is divided by 11.
9
Let t(k) = 4*k**3 + 109*k**2 + 29*k + 81. What is the remainder when 369 is divided by t(-27)?
18
Let l be 1 + 2/(-8) - 104/(-32). Let u be (-146)/(-6) - (-2)/(-6). Suppose 5 = 3*o - 8*o, -j = -l*o - u. Calculate the remainder when j is divided by 8.
4
Suppose 2064 = 16*c + 14*c - 6*c. Calculate the remainder when 1890 is divided by c.
84
Suppose 63 + 333 = 18*l. Calculate the remainder when 942 is divided by l.
18
Let n = -62 + 62. Suppose v - 198*x + 200*x - 37 = n, 5*x + 2 = v. Let b = 38 - 22. What is the remainder when v is divided by b?
11
Let c = -33 + 36. Suppose 0 = 4*w + 16, 0*n + c*n - 5*w - 80 = 0. Suppose 2*h + n = 6*h. Calculate the remainder when h is divided by 3.
2
Let c(m) = 291802*m**2 + 3*m - 7 - 291801*m**2 + 5*m. What is the remainder when c(6) is divided by 43?
34
Let h = 46 + -41. Suppose h*c + 5*x - 265 = -0*x, 2*x - 164 = -3*c. Let b(t) = -t**3 - 2*t**2 - 2*t + 30. What is the remainder when c is divided by b(0)?
28
Let y(v) = -v**3 - 11*v**2 - 19*v + 18. Let j be y(-8). Let d be -2 + 101 - 1*-1. Let g = j + d. Calculate the remainder when g is divided by 21.
15
Let q be (2/2 + -1)*-1. Suppose q = c + 5*k - 45, 4*c - 92 = 3*k - k. Let l = 16652 + -16636. Calculate the remainder when c is divided by l.
9
Suppose -y + 11 = -0*y. Let j be -1 + (-4)/12*0. Let g = j - -22. Calculate the remainder when g is divided by y.
10
Let l(v) be the first derivative of -v**3/3